 56843 prime?
True
Is 8907 a prime number?
False
Is 746117 prime?
True
Is 381671 a composite number?
True
Is 60359 prime?
False
Is 128761 prime?
True
Is 319141 a composite number?
True
Is 10427 a prime number?
True
Is 11429 a prime number?
False
Is 169181 a prime number?
True
Is 4918 composite?
True
Is 24359 prime?
True
Is 101801 prime?
False
Is 17653 a prime number?
False
Is 4237501 prime?
True
Is 24051 a composite number?
True
Is 27769 composite?
True
Is 6753271 composite?
True
Is 30529 a composite number?
False
Is 490979 composite?
True
Is 197941 composite?
True
Is 72097 prime?
False
Is 815441 prime?
False
Is 2567 composite?
True
Is 26123 composite?
True
Is 21205 prime?
False
Is 40231 a prime number?
True
Is 824269 composite?
False
Is 311957 composite?
False
Is 4873 a prime number?
False
Is 576751 prime?
False
Is 7523 prime?
True
Is 2722 a composite number?
True
Is 15817 a composite number?
False
Is 434983 composite?
True
Is 7789 a prime number?
True
Is 94195 prime?
False
Is 29734 prime?
False
Is 88643 prime?
True
Is 1736921 composite?
False
Is 627433 composite?
False
Is 32987 a composite number?
False
Is 7649 a prime number?
True
Is 17827 prime?
True
Is 3163 composite?
False
Is 458207 prime?
True
Is 60101 a composite number?
False
Is 11981 a prime number?
True
Is 23357 composite?
False
Is 1086557 a prime number?
True
Is 37535 composite?
True
Is 1049 composite?
False
Is 2327 a composite number?
True
Is 31669 a composite number?
True
Is 35645 composite?
True
Is 5077 a prime number?
True
Is 245153 a prime number?
False
Is 1249 a composite number?
False
Is 479939 prime?
True
Is 201611 composite?
False
Is 231199 composite?
True
Is 857279 a prime number?
False
Is 100883 a composite number?
True
Is 81239 composite?
False
Is 10993 composite?
False
Is 91747 a prime number?
False
Is 50707 a prime number?
True
Is 181903 prime?
True
Is 8053 prime?
True
Is 6179 composite?
True
Is 226253 prime?
False
Is 78483 prime?
False
Is 190979 prime?
True
Is 43649 prime?
True
Is 1340519 composite?
True
Is 358951 a composite number?
False
Is 14786 composite?
True
Is 31601 composite?
False
Is 2193503 a composite number?
True
Is 76863 composite?
True
Is 104821 composite?
True
Is 104239 a composite number?
False
Is 5953 composite?
False
Is 8999 a prime number?
True
Is 10301 prime?
True
Is 5437 prime?
True
Is 149833 prime?
False
Is 210347 a composite number?
False
Is 542 composite?
True
Is 2631 a prime number?
False
Is 2453 composite?
True
Is 9293 prime?
True
Is 10637 composite?
True
Is 43753 composite?
False
Is 5671 prime?
False
Is 14281 a prime number?
True
Is 11665 a composite number?
True
Is 3957 prime?
False
Is 1667603 prime?
False
Is 202327 composite?
False
Is 29653 composite?
True
Is 523 a prime number?
True
Is 58511 a composite number?
False
Is 16343 prime?
False
Is 7343 a composite number?
True
Is 29179 prime?
True
Is 1979 composite?
False
Is 47887 composite?
True
Is 211889 composite?
False
Is 41221 prime?
True
Is 665059 a composite number?
True
Is 26395 a composite number?
True
Is 183823 composite?
False
Is 687419 a composite number?
True
Is 100021 composite?
True
Is 8135 a prime number?
False
Is 20555 a prime number?
False
Is 5293 prime?
False
Is 655013 composite?
False
Is 878587 a composite number?
True
Is 12889 a prime number?
True
Is 75077 prime?
False
Is 413 a prime number?
False
Is 8999 composite?
False
Is 10817 composite?
True
Is 1305799 composite?
True
Is 22499 prime?
False
Is 4571 a composite number?
True
Is 313763 prime?
True
Is 348641 a prime number?
False
Is 14519 a composite number?
False
Is 8951 a composite number?
False
Is 31957 prime?
True
Is 2591 composite?
False
Is 117071 a composite number?
False
Is 78079 a prime number?
True
Is 5897 a composite number?
False
Is 93511 composite?
True
Is 930043 composite?
False
Is 83 composite?
False
Is 10427 a composite number?
False
Is 18545 composite?
True
Is 130814 a composite number?
True
Is 4083 a composite number?
True
Is 1067 a prime number?
False
Is 1814 prime?
False
Is 217106 composite?
True
Is 19913 a prime number?
True
Is 286813 prime?
True
Is 486047 a prime number?
False
Is 442021 prime?
False
Is 77797 a prime number?
True
Is 306713 composite?
True
Is 294962 composite?
True
Is 13798 prime?
False
Is 332141 composite?
True
Is 2771 a composite number?
True
Is 12451 a composite number?
False
Is 163 composite?
False
Is 7978 prime?
False
Is 16921 a composite number?
False
Is 906827 prime?
False
Is 79967 prime?
True
Is 25009 prime?
False
Is 56453 a composite number?
False
Is 26557 prime?
True
Is 29879 prime?
True
Is 4699 prime?
False
Is 64831 prime?
False
Is 343231 prime?
False
Is 14201 a prime number?
False
Is 5963 prime?
False
Is 805427 a prime number?
False
Is 26737 a composite number?
False
Is 7619 a composite number?
True
Is 481751 a composite number?
False
Is 5261 a prime number?
True
Is 1851287 a composite number?
False
Is 4177 prime?
True
Is 260885 composite?
True
Is 217087 a composite number?
True
Is 2333 prime?
True
Is 365567 composite?
False
Is 317711 prime?
True
Is 24907 prime?
True
Is 526429 prime?
True
Is 63663 prime?
False
Is 326877 a composite number?
True
Is 235819 prime?
False
Is 107971 a prime number?
True
Is 152851 composite?
False
Is 1366581 a prime number?
False
Is 184879 a composite number?
False
Is 21911 a prime number?
True
Is 12499 a prime number?
False
Is 129307 a prime number?
False
Is 8441 prime?
False
Is 1231 prime?
True
Is 218021 a composite number?
False
Is 51533 prime?
False
Is 394073 prime?
True
Is 2976917 a composite number?
True
Is 9031 a composite number?
True
Is 1222873 composite?
True
Is 29983 a prime number?
True
Is 193723 prime?
True
Is 16543 prime?
False
Is 1195 prime?
False
Is 180209 a composite number?
True
Is 33287 a prime number?
True
Is 12785 prime?
False
Is 3943 composite?
False
Is 129 a prime number?
False
Is 1843 composite?
True
Is 21701 a composite number?
False
Is 3991 a prime number?
False
Is 8885 prime?
False
Is 3841 a prime number?
False
Is 22901 prime?
True
Is 10361 a prime number?
False
Is 9122 prime?
False
Is 368857 a prime number?
True
Is 453935 a prime number?
False
Is 165673 composite?
False
Is 7997 a prime number?
False
Is 1949 a composite number?
False
Is 6033 prime?
False
Is 3155 a prime number?
False
Is 25219 a prime number?
True
Is 115189 prime?
False
Is 20486 prime?
False
Is 24253 composite?
True
Is 170047 a prime number?
True
Is 3453 composite?
True
Is 205703 prime?
True
Is 18181 prime?
True
Is 1087285 composite?
True
Is 7411 a composite number?
False
Is 331 prime?
True
Is 40447 a prime number?
False
Is 79817 composite?
False
Is 82997 prime?
True
Is 32167 a prime number?
False
Is 61441 composite?
False
Is 293395 a composite number?
True
Is 1361 composite?
False
Is 11423 a composite number?
False
Is 3643 a prime number?
True
Is 687517 composite?
False
Is 4374637 a prime number?
True
Is 588505 a composite number?
True
Is 10313 a composite number?
False
Is 38669 a prime number?
True
Is 4261063 prime?
False
Is 2477407 composite?
False
Is 673 a prime number?
True
Is 278297 prime?
False
Is 237203 composite?
False
Is 914 prime?
False
Is 775573 composite?
False
Is 2125931 a prime number?
False
Is 131873 composite?
True
Is 2333 a prime number?
True
Is 1315 composite?
True
Is 672121 composite?
True
Is 83203 a composite number?
False
Is 11183 a composite number?
True
Is 16603 composite?
False
Is 12373 prime?
True
Is 228877 composite?
True
Is 237421 prime?
False
Is 19567 a prime number?
False
Is 1541 prime?
False
Is 578171 a composite number?
True
Is 442423 composite?
True
Is 6521 prime?
True
Is 134297 prime?
False
Is 43871 composite?
True
Is 1037149 composite?
True
Is 979 a composite number?
True
Is 7109639 a composite number?
False
Is 266003 composite?
False
Is 47053 prime?
False
Is 101162 a prime number?
False
Is 272201 composite?
False
Is 5361 a prime number?
False
Is 72613 a composite number?
False
Is 372523 a prime number?
True
Is 1322759 prime?
False
Is 1961 a composite number?
True
Is 185477 a composite number?
False
Is 126709 a prime number?
False
Is 225683 a composite number?
False
Is 137497 a composite number?
True
Is 1553113 composite?
True
Is 1923 composite?
True
Is 34777 prime?
False
Is 11622095 a composite number?
True
Is 80611 